31 - n. Suppose 2*w + 24 = f*p, -2*p - 4*w + 38 = w. Calculate the greatest common factor of p and 112.
14
Let f be (2 + (-14)/(-2))/1. Let a = 15 - 26. Let l = -2 - a. Calculate the highest common factor of f and l.
9
Let m(z) = -3*z - 15. Let l be m(-9). Let q = l - -3. What is the greatest common divisor of 6 and q?
3
Let h be (-9 - -27)/(1 - (-1 + 1)). Let y be h/6*10/6. Calculate the highest common factor of y and 25.
5
Let g = 280 + -272. What is the greatest common divisor of 624 and g?
8
Suppose -a = 52 + 272. Let d be (a/30)/((-2)/25). Calculate the highest common divisor of d and 15.
15
Let b = 106 - 67. Let i = b - 15. What is the greatest common divisor of i and 24?
24
Let q = 3 + 7. Suppose -z + q + 4 = 0. Let p(x) = x**2 - 3*x + 30. Let y be p(8). Calculate the highest common factor of z and y.
14
Suppose -4*i = -7*i + 39. What is the highest common divisor of i and 3?
1
Let z = -3 - -53. Calculate the highest common factor of 75 and z.
25
Let h be (-847)/(-28) + 2/(-16)*2. What is the greatest common factor of h and 10?
10
Let h be (2/4)/(2/(-12)). Let c = h - -15. Let z be (8/9)/(88/792). What is the greatest common factor of c and z?
4
Suppose 0 = 3*l + 63 - 225. Let w(s) = -10*s - 62. Let a be w(-8). What is the greatest common factor of l and a?
18
Let w be 20/(-24)*3*-2. Suppose 0 = -2*u + k - w, 0*k = 4*u - 4*k + 8. Let v be (-234)/12*4/u. Calculate the highest common factor of v and 260.
26
Let s be (-54)/(-4) + (-1)/(-2). Let p = 32 + -29. Suppose c = -4, -p*m - 4*c = 14 - 40. What is the greatest common factor of m and s?
14
Suppose -15*p + 12*p = a - 28, 3*a = -p + 84. What is the highest common divisor of 476 and a?
28
Let f(b) = b**2 + 23*b + 27. Let j be f(-22). Suppose 0 = -3*y - r - 0*r + 68, -4*y - j*r = -76. Calculate the greatest common divisor of y and 8.
8
Let n be (-9)/(-12) + 10/8. Suppose 8 = n*f - 6. Let o be (4/6)/((-6)/(-693)). What is the highest common factor of o and f?
7
Suppose 7*k = 158 - 18. What is the greatest common divisor of 68 and k?
4
Let q(y) = -12*y + 6. Let d be q(-3). Suppose 0 = g + 3*g - 56. What is the greatest common factor of g and d?
14
Suppose 3*c + 93 = 3*y, 3*c - 28 = -4*y + 103. Suppose -34*z + y*z = -42. Calculate the highest common factor of 147 and z.
21
Let d = 1311 - 345. Calculate the greatest common factor of 42 and d.
42
Let z(k) be the third derivative of -k**4/4 - k**3/2 + 10*k**2. Let g be z(-18). Calculate the greatest common divisor of 42 and g.
21
Let i be 150/60 + (-578)/(-4). Calculate the greatest common factor of i and 168.
21
Let n = 413 + -229. Calculate the greatest common divisor of 72 and n.
8
Suppose 0 = 6*z - z + 1530. Let v = z + 428. Suppose 50 + 66 = 3*w + 5*t, 3*w = -2*t + v. What is the highest common divisor of 14 and w?
14
Suppose 0 = -29*i + 34*i - j - 1036, 4*i = -5*j + 852. Calculate the greatest common divisor of i and 16.
16
Let p(i) = -27*i - 12. Let v be p(-20). What is the greatest common divisor of 48 and v?
48
Let j = 371 - 281. What is the highest common divisor of j and 216?
18
Suppose 7*g = 3*g + 1144. Let v = 369 + -213. Suppose 5*p = -p + v. What is the greatest common factor of g and p?
26
Let c = -2 + -5. Suppose 3*s = -s - 12. Let x be 0 - s - (c + 5). Calculate the greatest common factor of 2 and x.
1
Let m(n) = n**3 - 4*n**2 + 11*n - 5. Let i be m(5). What is the highest common factor of i and 50?
25
Let a be ((-872)/24 + 8)/(1/(-15)). Calculate the greatest common factor of a and 17.
17
Suppose 1340 = 70*t - 68*t. What is the greatest common factor of t and 67?
67
Let w(u) = -u**3 + 12*u**2 - 9*u + 2. Let h = 3 - -7. Let q be w(h). What is the greatest common factor of 16 and q?
16
Suppose -3*w + 6*w = 15. Suppose -6 = w*b - 2*b. Let h be b/6*(-68 - -2). What is the highest common factor of h and 66?
22
Suppose 118*u + 440 = 122*u. What is the greatest common divisor of 22 and u?
22
Let o be (525/180 - 1/(-3))*72. Calculate the highest common divisor of 26 and o.
26
Let l = 112 + -98. What is the greatest common factor of l and 112?
14
Suppose -36*y + 2176 = -28*y. Calculate the highest common divisor of 255 and y.
17
Suppose 2*r - 4 = -64. Let a be r/(-12)*(-16)/(-10). Let n = 10 - 4. Calculate the greatest common factor of n and a.
2
Let j = -26 - -39. Suppose -2*v - n + 28 = 0, -2*n = 3*v - n - 41. Calculate the highest common factor of j and v.
13
Let s(d) = d**3 + 1. Let r be s(1). Suppose m - 53 = -5*h, 2*h - r*m + 18 = 4*h. What is the greatest common factor of 33 and h?
11
Let u(o) = 10*o + 28. Let y(m) = -11*m - 29. Let g(h) = 6*u(h) + 5*y(h). Let n be g(11). Let d = -7 - -59. What is the highest common factor of n and d?
26
Let p(x) = x**2 - 39. Let u be p(-7). Suppose 2*q = 3*q + 5*d - 90, -4*q = 2*d - 360. What is the greatest common factor of q and u?
10
Let m = -414 + 424. What is the greatest common divisor of m and 65?
5
Suppose z + 4 = 4*x - 0, 5*x - 3*z = 5. Let i be 2/10 + x/(20/216). Calculate the highest common factor of i and 33.
11
Let m be -5 - ((-13 - -2) + 2). Let x(b) = -b**3 - 5*b**2 - 4*b + 3. Let l be x(-4). Calculate the greatest common divisor of l and m.
1
Let t(z) = -6*z + 53. Let a be t(9). Let n be (2 + 0 + -27)/a. What is the greatest common divisor of n and 5?
5
Let d be ((-1)/1)/(2/(-14)). Let k = -7 + d. Suppose 6*o - 5*o - 4 = k. What is the greatest common divisor of 2 and o?
2
Let x be 78/(-351) - 3/(81/(-2490)). What is the greatest common factor of 20 and x?
4
Suppose 5*w - 5245 = z, -3*w + z = 2*z - 3155. What is the greatest common divisor of w and 84?
42
Let z be (-2)/7 + 13*(-24)/(-14). Let j be 1 + z + 5 + -1. Let i(h) = -2*h - 5. Let q be i(-7). Calculate the greatest common divisor of q and j.
9
Let b(q) = 3*q + 106. Let c be b(23). What is the greatest common divisor of c and 50?
25
Let g(j) = -12*j - 6. Let b be g(-6). Let v(z) = -13 + 6*z - 4*z + 3*z**2 + 11. Let h be v(-2). What is the greatest common factor of b and h?
6
Suppose -3*k + 7*d - 5*d = -1317, 0 = -4*k - d + 1767. What is the highest common factor of 18 and k?
9
Let v = -338 + 406. Suppose 2*g = 2*r + 330, 0 = g + 3*r + 24 - 209. Calculate the highest common factor of v and g.
34
Let t = 74 - 50. Let z be (-9 - 3)*(-36)/2. What is the highest common divisor of z and t?
24
Suppose q + 4*s - 25 = 0, q - 4*s + 2 - 27 = 0. Suppose 0*g - 4 = 2*g. Let j be -22*g/((-4)/(-25)). What is the greatest common factor of q and j?
25
Suppose -3*n - 35 = -65. Calculate the highest common factor of 410 and n.
10
Suppose 1962 + 418 = 35*u. What is the greatest common divisor of 2924 and u?
68
Suppose 5*w - 4*f - 105 = 0, 3*f - 727 + 725 = -w. Suppose -4*u - 2*n = -754, -n + 359 = 2*u - 6*n. What is the highest common divisor of w and u?
17
Let k = 421 + -373. Calculate the highest common factor of 30 and k.
6
Suppose -n + 5 - 1 = 0. Suppose -b + 6*b = 25. Suppose 2*i = -b*j + 4*i + 517, 2*i + 412 = n*j. Calculate the greatest common divisor of j and 42.
21
Suppose 0 = 2*f, -p = -0*p + 3*f - 30. Suppose 0 = 43*a + 7*a - 300. Calculate the highest common divisor of p and a.
6
Let w(t) = -t**2 - 16*t + 15. Let n be w(-12). Let z be (-4)/(-24) - (-25)/(-6). Let o = z + 11. What is the highest common divisor of n and o?
7
Let b be 4/6*((-3 - -3) + 336). Suppose -3*o = 105 - 201. What is the highest common factor of o and b?
32
Let o = -347 + 632. What is the greatest common factor of o and 30?
15
Suppose 0 = -3*t + 3*d + 39, t = 4*t + 3*d - 21. Calculate the greatest common factor of t and 50.
10
Let u(f) = -3*f**2 - 174*f - 177. Let o be u(-55). What is the greatest common factor of 1113 and o?
159
Let n be 15 + -42*9/(-54). Let h = -55 - -77. Calculate the highest common factor of n and h.
22
Suppose 160 = 3*s + s. Suppose 275 = 2*c + 3*c - 5*t, -c + 4*t + s = 0. Let o be 163/11 + 6/33. Calculate the highest common divisor of o and c.
15
Suppose 5 + 15 = 5*n. Suppose -n*m + 2*h + 0*h = -10, 0 = 4*m - 5*h - 13. Calculate the greatest common divisor of 22 and m.
2
Let w(f) = -f**2 + 28*f - 47. Let p be w(2). Suppose 1 = 5*v - 9. What is the highest common divisor of v and p?
1
Suppose -3*k = 2*f - 72, f - 7*k - 50 = -5*k. Calculate the greatest common factor of f and 105.
21
Suppose -17 = -2*c + 69. Let h = 115 - c. What is 